, 80363
List the prime factors of 465367798.
2, 7, 19, 293, 853
List the prime factors of 452785053.
3, 7, 21561193
List the prime factors of 191189997.
3, 43, 164677
What are the prime factors of 380069265?
3, 5, 151, 167801
List the prime factors of 49534846.
2, 24767423
List the prime factors of 3788655073.
7, 113, 431, 11113
What are the prime factors of 123508662?
2, 3, 20584777
What are the prime factors of 101150878?
2, 43, 1176173
List the prime factors of 11478125.
5, 3673
What are the prime factors of 6555320034?
2, 3, 1092553339
List the prime factors of 968326613.
17, 71, 127, 6317
What are the prime factors of 1199230839?
3, 14805319
What are the prime factors of 14752291?
1669, 8839
List the prime factors of 176477064.
2, 3, 29, 227, 1117
What are the prime factors of 1327640602?
2, 17, 2903, 13451
List the prime factors of 53592973.
7, 601, 12739
What are the prime factors of 353307808?
2, 7, 1577267
List the prime factors of 1176195400.
2, 5, 461, 12757
List the prime factors of 55584149.
89, 624541
List the prime factors of 264386721.
3, 1621, 54367
List the prime factors of 340711074.
2, 3, 11, 311, 503
List the prime factors of 16691706.
2, 3, 927317
List the prime factors of 158456622.
2, 3, 26409437
What are the prime factors of 719736030?
2, 3, 5, 13, 68351
List the prime factors of 977544170.
2, 5, 97754417
List the prime factors of 48226538.
2, 23, 179, 5857
List the prime factors of 449413325.
5, 59, 304687
What are the prime factors of 201320249?
13, 15486173
What are the prime factors of 875891602?
2, 19, 37, 622967
What are the prime factors of 1636578992?
2, 89, 1149283
List the prime factors of 377483258.
2, 101, 103, 18143
List the prime factors of 22126545.
3, 5, 7, 19, 3697
List the prime factors of 678179500.
2, 5, 29, 46771
What are the prime factors of 316538938?
2, 79, 2003411
What are the prime factors of 418665306?
2, 3, 157, 444443
List the prime factors of 1907094670.
2, 5, 13, 89, 164831
What are the prime factors of 497138606?
2, 23, 10807361
What are the prime factors of 22897100?
2, 5, 401, 571
List the prime factors of 38423915.
5, 23, 73, 199
List the prime factors of 26870891.
409, 65699
List the prime factors of 4470968305.
5, 4591, 194771
What are the prime factors of 914797318?
2, 457398659
List the prime factors of 1505993023.
163, 9239221
List the prime factors of 2995083744.
2, 3, 97, 181, 1777
What are the prime factors of 7384698164?
2, 199, 293, 31663
What are the prime factors of 2203657444?
2, 31, 89, 199679
What are the prime factors of 3228121733?
397, 1483, 5483
What are the prime factors of 6649560?
2, 3, 5, 47, 131
List the prime factors of 27887810.
2, 5, 2788781
List the prime factors of 979028149.
11, 179, 293, 1697
What are the prime factors of 109586626?
2, 54793313
What are the prime factors of 2187852059?
233, 1367, 6869
List the prime factors of 160728166.
2, 17, 4727299
List the prime factors of 56424459.
3, 7, 13, 29, 7127
What are the prime factors of 13327940?
2, 5, 131, 5087
What are the prime factors of 641305539?
3, 7, 3393151
List the prime factors of 63197723.
63197723
List the prime factors of 1678283415.
3, 5, 179, 199, 349
List the prime factors of 661822436.
2, 11, 15041419
What are the prime factors of 319043119?
37, 83, 103889
What are the prime factors of 4112882349?
3, 3581, 382843
List the prime factors of 1151564334.
2, 3, 191927389
What are the prime factors of 386643065?
5, 19, 563, 7229
List the prime factors of 559611266.
2, 307, 911419
List the prime factors of 7319207.
7, 61, 281
What are the prime factors of 182228108?
2, 37, 41, 59, 509
List the prime factors of 402408635.
5, 857, 93911
List the prime factors of 1671346466.
2, 17, 547, 89867
List the prime factors of 485813869.
19, 25569151
List the prime factors of 822547501.
822547501
What are the prime factors of 461768321?
7, 65966903
What are the prime factors of 3525890?
2, 5, 352589
What are the prime factors of 527779926?
2, 3, 17, 73, 23627
List the prime factors of 2866369632.
2, 3, 7, 4265431
What are the prime factors of 122573709?
3, 4539767
List the prime factors of 34282541.
34282541
List the prime factors of 223190007.
3, 2503, 29723
List the prime factors of 533110802.
2, 7, 79, 482017
List the prime factors of 107120891.
2503, 42797
What are the prime factors of 129625823?
129625823
What are the prime factors of 543355966?
2, 271677983
What are the prime factors of 1188127753?
353, 3365801
What are the prime factors of 1790817598?
2, 41, 883, 24733
What are the prime factors of 494160132?
2, 3, 19, 2167369
What are the prime factors of 3891516229?
479, 8124251
What are the prime factors of 134050437?
3, 4964831
List the prime factors of 2324191599.
3, 258243511
List the prime factors of 5420247.
3, 7, 258107
List the prime factors of 3582819612.
2, 3, 1459, 68213
What are the prime factors of 134876319?
3, 31, 1450283
List the prime factors of 3678848396.
2, 137, 379, 17713
What are the prime factors of 46162897?
11, 641, 6547
List the prime factors of 256639053.
3, 11, 7776941
What are the prime factors of 207347012?
2, 51836753
List the prime factors of 1271637157.
7, 127, 1430413
What are the prime factors of 176087954?
2, 7, 23, 467, 1171
List the prime factors of 493074570.
2, 3, 5, 16435819
List the prime factors of 195168215.
5, 11, 3548513
List the prime factors of 546428066.
2, 23, 11878871
List the prime factors of 57307844.
2, 11, 571, 2281
What are the prime factors of 6778264949?
6778264949
List the prime factors of 45304877.
41, 53, 20849
List the prime factors of 226104381.
3, 41, 97, 6317
List the prime factors of 264436327.
264436327
List the prime factors of 4103253079.
47, 1487, 58711
What are the prime factors of 291566479?
223, 1307473
What are the prime factors of 411900338?
2, 839, 245471
List the prime factors of 384746241.
3, 11, 43, 157
List the prime factors of 286611051.
3, 4547, 21011
What are the prime factors of 2204005686?
2, 3, 47, 7815623
What are the prime factors of 564988556?
2, 11, 29, 442781
List the prime factors of 1194996125.
5, 9559969
What are the prime factors of 3048735437?
11, 277157767
What are the prime factors of 899538164?
2, 7, 137, 234499
What are the prime factors of 31797867?
3, 1597, 6637
List the prime factors of 4325244.
2, 3, 7, 11, 31, 151
List the prime factors of 540494752.
2, 7, 59, 40897
List the prime factors of 1975525869.
3, 53, 12424691
List the prime factors of 292200749.
292200749
List the prime factors of 5668746410.
2, 5, 3389, 167269
What are the prime factors of 533383900?
2, 5, 7, 761977
What are the prime factors of 606970036?
2, 83, 1828223
List the prime factors of 214508486.
2, 151, 710293
What are the prime factors of 34630350?
2, 3, 5, 19, 29, 419
List the prime factors of 52124993.
73, 293, 2437
What are the prime factors of 198502076?
2, 49625519
List the prime factors of 5651599238.
2, 17, 23, 7227109
List the prime factors of 7787751479.
1531, 5086709
List the prime factors of 2139189728.
2, 13, 337, 15259
What are the prime factors of 93014774?
2, 29, 317, 5059
List the prime factors of 1123554228.
2, 3, 59, 569, 2789
List the prime factors of 4582652335.
5, 18353, 49939
What are the prime factors of 12791745?
3, 5, 284261
What are the prime factors of 99143049?
3, 67, 493249
List the prime factors of 705587633.
705587633
What are the prime factors of 154401368?
2, 11, 1754561
List the prime factors of 48605476.
2, 271, 44839
What are the prime factors of 819757387?
59, 13894193
List the prime factors of 2226318330.
2, 3, 5, 151, 491461
List the prime factors of 11147161.
89, 251, 499
What are the prime factors of 2972057669?
7, 424579667
What are the prime factors of 68235276?
2, 3, 113, 50321
What are the prime factors of 2874742?
2, 13, 110567
What are the prime factors of 3736335668?
2, 13, 67, 173, 6199
What are the prime factors of 14919568?
2, 932473
What are the prime factors of 10029936?
2, 3, 7, 29851
What are the prime factors of 719734230?
2, 3, 5, 7997047
What are the prime factors of 111567303?
3, 3209, 3863
List the prime factors of 1511180166.
2, 3, 251863361
List the prime factors of 3854626917.
3, 1284875639
What are the prime factors of 85937974?
2, 71, 587, 1031
What ar